{"id":120,"date":"2025-11-21T11:56:16","date_gmt":"2025-11-21T10:56:16","guid":{"rendered":"https:\/\/azaaya.fr\/?post_type=product&#038;p=120"},"modified":"2025-11-21T11:56:45","modified_gmt":"2025-11-21T10:56:45","slug":"diba-collier-elegance-boreale-en-labradorite","status":"publish","type":"product","link":"https:\/\/azaaya.fr\/index.php\/product\/diba-collier-elegance-boreale-en-labradorite\/","title":{"rendered":"Diba \u2013 Collier \u00c9l\u00e9gance Bor\u00e9ale en Labradorite"},"content":{"rendered":"","protected":false},"excerpt":{"rendered":"<p class=\"p1\">Chic, raffin\u00e9, intemporel \u2014 ce collier incarne une \u00e9l\u00e9gance douce et magn\u00e9tique. Compos\u00e9 uniquement de labradorite naturelle, il joue avec la lumi\u00e8re pour r\u00e9v\u00e9ler de subtils reflets bleut\u00e9s et gris perle, comme un ciel d\u2019hiver au petit matin. D\u2019un c\u00f4t\u00e9, des perles rondes facett\u00e9es en d\u00e9grad\u00e9 de tailles, de l\u2019autre, trois rangs de petites pierres finement taill\u00e9es, apportant souplesse et mouvement. La pi\u00e8ce centrale, en forme de pendentif fixe pav\u00e9 d\u2019\u00e9clats scintillants, ajoute une touche bijou \u00e0 cet ensemble harmonieux. Finition argent\u00e9e. Longueur : 50 cm.<\/p>\n<p class=\"p1\">Un collier chic \u00e0 l\u2019\u00e9l\u00e9gance sobre, dont les nuances douces et naturelles s\u2019accordent facilement avec diff\u00e9rentes tenues. Une pi\u00e8ce \u00e9l\u00e9gante pour toutes les occasions.<\/p>\n","protected":false},"featured_media":148,"comment_status":"closed","ping_status":"closed","template":"","meta":[],"product_brand":[],"product_cat":[17,24,20],"product_tag":[],"collections":[],"class_list":{"0":"post-120","1":"product","2":"type-product","3":"status-publish","4":"has-post-thumbnail","6":"product_cat-bijoux-atelier","7":"product_cat-collection-diba","8":"product_cat-collier","10":"first","11":"instock","12":"shipping-taxable","13":"purchasable","14":"product-type-simple"},"_links":{"self":[{"href":"https:\/\/azaaya.fr\/index.php\/wp-json\/wp\/v2\/product\/120","targetHints":{"allow":["GET"]}}],"collection":[{"href":"https:\/\/azaaya.fr\/index.php\/wp-json\/wp\/v2\/product"}],"about":[{"href":"https:\/\/azaaya.fr\/index.php\/wp-json\/wp\/v2\/types\/product"}],"replies":[{"embeddable":true,"href":"https:\/\/azaaya.fr\/index.php\/wp-json\/wp\/v2\/comments?post=120"}],"wp:featuredmedia":[{"embeddable":true,"href":"https:\/\/azaaya.fr\/index.php\/wp-json\/wp\/v2\/media\/148"}],"wp:attachment":[{"href":"https:\/\/azaaya.fr\/index.php\/wp-json\/wp\/v2\/media?parent=120"}],"wp:term":[{"taxonomy":"product_brand","embeddable":true,"href":"https:\/\/azaaya.fr\/index.php\/wp-json\/wp\/v2\/product_brand?post=120"},{"taxonomy":"product_cat","embeddable":true,"href":"https:\/\/azaaya.fr\/index.php\/wp-json\/wp\/v2\/product_cat?post=120"},{"taxonomy":"product_tag","embeddable":true,"href":"https:\/\/azaaya.fr\/index.php\/wp-json\/wp\/v2\/product_tag?post=120"},{"taxonomy":"collections","embeddable":true,"href":"https:\/\/azaaya.fr\/index.php\/wp-json\/wp\/v2\/collections?post=120"}],"curies":[{"name":"wp","href":"https:\/\/api.w.org\/{rel}","templated":true}]}}